-4*o**2 - o - 11. Let g(z) = 5*z**2 + 2*z + 14. Let v(c) = -3*g(c) - 4*y(c). Suppose -4*a + 9 + 7 = 0, -3*a = 5*w - 22. Give v(w).
2
Let s(x) = -x + 14. Let r be s(10). Suppose r*p - p - 12 = -2*b, -3*p - b + 9 = 0. Let t(q) = -2*q**p + q**3 - 2*q**3 + 7*q**3 + 0*q**2 + 1. What is t(1)?
5
Let j be (-64 + 92)/((-4)/(-1)). Let s(m) = 8*m**2 - m**3 + 5 + 5 - 2*m**2 + 6*m. Determine s(j).
3
Let x(m) be the second derivative of m**5/20 + 23*m**4/12 + 22*m**3/3 + 49*m**2/2 + 229*m. Give x(-21).
7
Suppose 1131 - 1151 = 10*c. Let w(r) = -2*r**3 - 3*r**2 - 3*r. Determine w(c).
10
Let p(g) = 159*g + 801. Let u be p(-5). Let s(t) = t**3 - 4*t**2 + 2. Determine s(u).
74
Let l(o) = -o**3 + 5*o**2 + 3*o. Let q = -462 + 468. Give l(q).
-18
Let y(d) = 3*d**2 + 3*d + 2. Let w(q) = -q**3 - q**2 - 2. Let i(r) = -w(r) + y(r). Calculate i(-2).
6
Let t(v) = 2*v**2 + 2*v - 5. Let w = 74 - 78. Give t(w).
19
Let y(u) = -2*u - 3. Suppose 4*w - p + 1 - 11 = 0, w = 2*p - 1. Let x(a) = 2*a + 2. Let q(f) = w*y(f) + 2*x(f). Let z be (14/(-3) - 0) + 46/69. Give q(z).
3
Let z(q) = 4*q - 9. Let k be 24/(-40) - (1 + (-16)/10). Give z(k).
-9
Let o(h) = 11*h - 47. Let f(b) = -12*b + 59. Let a(z) = -4*f(z) - 5*o(z). Suppose -l - 3*l = c - 17, -3*c + 19 = 4*l. Calculate a(c).
-8
Let j(n) = 2*n + n + 0*n - n + 2*n. Calculate j(2).
8
Let z(d) be the first derivative of -d**7/840 - d**6/360 + d**4/24 + 31*d**3/3 + 6. Let n(l) be the third derivative of z(l). Determine n(2).
-11
Let s(t) = -2*t - 3*t**3 - 2*t**3 - 8 + 9*t**3 + 7*t**2 + t**3 - 6*t**3. Give s(6).
16
Let c(j) = 4*j - 1. Suppose 0 = p + 5*u + 11 + 4, -4*p - 2*u = 42. Let m = p + 4. Let w = -4 - m. Determine c(w).
7
Let x = -139/2 + 71. Let i(v) be the first derivative of x*v**2 - 2/3*v**3 + 5 + 2*v - 3/4*v**4. Give i(-2).
12
Let u(q) = -5*q**3 + 2*q**2 - 10*q + 7. Let a(t) = t**3 + t**2 + 2*t - 3. Let m(r) = 4*a(r) + u(r). What is m(6)?
-17
Let p = -683 + 683. Let q(f) = -f - 46. Give q(p).
-46
Let w(y) = -y**2 + 2*y - 1. Let a be (1170/260)/(-1 + (-5)/(-2)). What is w(a)?
-4
Let n = 110 - 112. Suppose -3*u - 3 = -4*u. Let m(c) = c + c**2 + 0*c**u - c**3 - 3*c**2. Determine m(n).
-2
Let i(y) = -7*y**2 - 5*y + 4. Let h(x) = x**2 + x + 1. Let z(r) = 6*h(r) + i(r). Let l(t) be the first derivative of z(t). Determine l(3).
-5
Suppose -29 = -4*q - 3*w, -2*q = -w - 4 - 3. Let j be (2/4)/(4/8). Let c(b) = j + 6 - 2 + 2*b. What is c(q)?
15
Let c = -25 - -27. Suppose a + j - 1 = 0, a - 3*j - 9 = -c*j. Let p(t) = t**2 - 6*t. Give p(a).
-5
Suppose -560 = -98*a + 18*a. Let p(g) = -g**2 + 8*g + 9. Calculate p(a).
16
Let b(w) be the third derivative of -w**6/12 - w**3/6 + 217*w**2. Suppose 2 + 3 = -5*r. Determine b(r).
9
Let z(k) = 4*k - 1. Let x = 412 + -416. Determine z(x).
-17
Let q(p) = p**2 + 25*p + 8. Let r be q(-25). Let c(j) = 3*j - 12. Give c(r).
12
Let j(s) = -5*s + 1. Let r(v) = -v**2 + v - 1. Let m(p) = -j(p) + r(p). Let q = 32 + -25. What is m(q)?
-9
Let t = -7 - -14. Let b be 0 - (-14 - 1) - 8/(-4). Let v(u) = -28*u + b*u + 10*u. Determine v(t).
-7
Let x = 75 - 43. Let u be 30*(x/12 + -2). Suppose -3*h + 5*b + 14 = -4*h, 5*b = -u. Let c(v) = -v + 6. Calculate c(h).
0
Let f(t) = -t**2 + 3*t - 4. Let c be f(3). Let k be (-3)/(-4) + 39/c. Let o = -6 - k. Let y(m) = -3*m + 4. Give y(o).
-5
Let u be -4 + (-1 + 1)/2. Let o(x) be the third derivative of -x**6/120 - x**5/15 - x**4/12 + 2*x**3/3 + 3384*x**2. Determine o(u).
12
Let i(u) = 6*u**2 - 1. Let h = 21 + -19. Let g be h - (-1 - 2) - 4. Determine i(g).
5
Suppose -p - 3*p = 0. Let i(k) = 9*k**2 - 3*k + 4. Let x(n) = 13*n**2 - 5*n + 4. Let a(r) = 3*i(r) - 2*x(r). Calculate a(p).
4
Let k(w) = -14*w - 2. Let f be k(-2). Let b = f + -21. Let g(j) = 5*j**2 - 4*j + 5. Let z(i) = -6*i**2 + 4*i - 6. Let r(o) = b*g(o) + 4*z(o). What is r(4)?
1
Let i(c) = -c**3 + 9*c**2 - 10*c + 20. Let t be i(8). Let q(r) = 6*r**2 - 5*r**2 + 4*r**2 - t*r**2 + 10. What is q(0)?
10
Let w(d) = 0*d**2 - 7*d - 2 - 1 - d**2. Let i(h) = -h**2 - 7*h - 11. Let f(r) = -2*r**3 - 7*r**2 - 3*r - 6. Let b be f(-3). Let k be i(b). Determine w(k).
7
Let i(m) = -7*m - 29. Let g be i(-5). Let s(l) = l**3 - 7*l**2 + 7*l + 1. What is s(g)?
7
Suppose 6*t = -5*t - 77. Let s(u) = -u**3 - 7*u**2 - 5*u - 1. Give s(t).
34
Suppose -3*v + 2*x = -75 + 59, -1 = -v + 5*x. Let k(f) = -f**3 + 7*f**2 - 7*f - 2. What is k(v)?
-8
Let l(w) be the second derivative of -w**6/240 - w**5/60 + 4*w**4/3 - 4*w. Let d(s) be the third derivative of l(s). Calculate d(-3).
7
Let y(m) = -13*m + 13. Let t(p) = 3*p - 3. Suppose -7 + 3 = 2*b. Let l(g) = b*y(g) - 9*t(g). Give l(7).
-6
Let p = -52 + 28. Let f = -12 - p. Let l = 17 - f. Let t(v) = v**3 - 4*v**2 - 8*v + 5. Determine t(l).
-10
Let x(n) = n**2 - 3*n + 1. Let v be 6*(2 - (35/10 + -2)). Give x(v).
1
Let c(i) = -i**3 + 6*i**2 - 4*i - 2. Let v be (-6)/(-14) + 192/42. Determine c(v).
3
Let h(b) = -221*b**3 + 4*b**2 - 224*b**3 + 446*b**3 - 3*b. Let i be ((-6)/(-4))/(9/(-24)). Give h(i).
12
Let a be 13 + 1 + 16/(-8). Suppose 4*b - a = b. Suppose v + 2*f - 3*f - 4 = 0, -v - b*f - 21 = 0. Let t(i) = -6*i**2 + 1. Give t(v).
-5
Suppose 0 = -2*r + 4, -2*a + 5*r + 10 = 2*a. Suppose a*q = 4*q. Suppose 3*v + q = -18. Let p(u) = -u - 1. Give p(v).
5
Let g(b) = b**3 + 9*b**2 + b + 1. Let f(c) = -2*c**3 - 18*c**2 - c - 2. Let h(a) = -6*f(a) - 13*g(a). Calculate h(-8).
-9
Let t(v) be the second derivative of v**5/30 - 7*v**4/24 + v**3/6 - 6*v**2 + 36*v. Let b(l) be the first derivative of t(l). Give b(5).
16
Let z(x) be the second derivative of x**3/6 - x**2/2 + x. Let q(f) = -216*f**3 + f**2 - f - 3. Let o be q(-1). Let m = -209 + o. Calculate z(m).
5
Suppose -4*c + 14 = y, -c + 2 = -2*y - 3*c. Let g be 32/(-48) + (-29)/(-3). Let q(h) = 5*h + 0*h - 3*h + g. Calculate q(y).
-3
Let u(x) = -2*x + 3. Let n = -21 - -23. Determine u(n).
-1
Let q = 631 + -632. Let l(h) be the third derivative of h**6/60 + h**3/6 - h**2. Calculate l(q).
-1
Let l(u) = 2*u + 1. Suppose 3*f = -2*f. Suppose 3*h - 52 = 2*w, -4*h - 2*w - 11 + 57 = f. Let z be 38/7 - 6/h. What is l(z)?
11
Let l be -4*(5 - (-132)/(-16)). Suppose 43 - l = -5*a. Let z(g) be the second derivative of g**5/20 + g**4/2 + g**3/2 + 9*g**2/2 - g. Give z(a).
-9
Let n(m) = m**2 + 2*m + 2. Let c be (-252)/(-140) - 1/(-5). Suppose c*t = -2 + 10. What is n(t)?
26
Let r(x) be the third derivative of -8*x**2 + 0 - 1/24*x**4 - 3/2*x**3 + 0*x. Calculate r(-5).
-4
Let o(m) = m**2 - 21*m - 73. Let v be o(24). Let c(g) = -14*g**2 + 2*g + 1. What is c(v)?
-15
Suppose 60 = x + x. Suppose 0 = -7*g + 2*g + x. Let p be 10/g*(-72)/(-20). Let v(c) = -c**2 + 7*c - 9. Calculate v(p).
-3
Let c(x) = -2*x**3 - 4*x**2 - 2*x - 4. Let q be c(-2). Let r(p) be the third derivative of q - 2*p**2 + 0*p - p**3 + 1/24*p**4. Determine r(0).
-6
Let i(k) = -k - 26. Let h be -4 + (3 - (-2)/(-1)). Let q(x) = -1. Let f(j) = h*q(j) + i(j). Give f(0).
-23
Let s(a) be the first derivative of -a**2 + 4*a - 10. Let q(i) = i - 1. Let t(x) = q(x) + s(x). Give t(0).
3
Let n(u) = -4. Let v(j) = -j - 19. Let x(c) = 5*n(c) - v(c). Determine x(0).
-1
Let b(a) = 23*a + 58. Let n(f) = 8*f + 20. Let c(i) = 4*b(i) - 11*n(i). Give c(-3).
0
Suppose f - 4*c = 21, -4*c - 46 = -5*f + 11. Let z(t) = 9 - t**2 - 8*t + f*t + 5*t + 0*t**2. Give z(7).
2
Let v = -350 + 344. Let q(z) = z**2 + z. Let h(y) = -3*y**2 - 10*y - 4. Let b(w) = h(w) + 2*q(w). What is b(v)?
8
Let d(f) = f**3 + 4*f**2 + 17*f + 65. Let k be d(-4). Let o(i) = -4*i**2 - 3*i - 2. Calculate o(k).
-29
Suppose 12*c - 7*c - 85 = 0. Let v(t) = -c*t**2 - t**2 + 28*t**2 + t. What is v(-1)?
9
Let r = -388 + 384. Let d(v) be the first derivative of -1/4*v**4 + 5*v - 2 + 0*v**2 - 4/3*v**3. Determine d(r).
5
Suppose -15*s + 90 = -21*s. Suppose 0 = 4*l - 3*x - 51, l = 2*x + 3*x. Let d = l + s. Let c(j) = j + 1. Calculate c(d).
1
Suppose g - 17 = -0*g + 3*b, -4*g = 4*b + 12. Let d(m) = 3 - 2 - 3 + 0 + g*m. Give d(2).
2
Let s(a) = 8 - 18 + 3*a + 3 - a + a + 2*a**2. What is s(-6)?
47
Let u(g) = g**2 - 7*g + 4. Let r(b) = b**3 - 10*b**2 + 19*b - 12. Let c be r(8). Suppose -n + 3*n - c = 0. What is u(n)?
-2
Let f(a) = -19*a + 17. Let m(s) = -s**3 + 4*s**2 + 21*s - 79. Let d be m(5). Calculate f(d).
-2
Suppose -n + 2 + 0 = 0. Suppose -5*j = n - 12. Let f(s) = -s**2 + 5*s - 3. 